{"id":405,"date":"2017-01-19T16:02:23","date_gmt":"2017-01-19T15:02:23","guid":{"rendered":"http:\/\/radadoktorantow.pwr.edu.pl\/?page_id=405"},"modified":"2024-10-24T09:23:15","modified_gmt":"2024-10-24T07:23:15","slug":"granty","status":"publish","type":"page","link":"https:\/\/radadoktorantow.pwr.edu.pl\/index.php\/granty\/","title":{"rendered":"Akty Prawne"},"content":{"rendered":"<p><strong>Ustawa z dnia 27 lipca 2005 r. Prawo o szkolnictwie wy\u017cszym<\/strong><\/p>\n<p><a href=\"http:\/\/prawo.sejm.gov.pl\/isap.nsf\/download.xsp\/WDU20051641365\/U\/D20051365Lj.pdf\">http:\/\/prawo.sejm.gov.pl\/isap.nsf\/download.xsp\/WDU20051641365\/U\/D20051365Lj.pdf<\/a><\/p>\n<p><strong>Ustawa z dnia 3 lipca 2018 r. Przepisy wprowadzaj\u0105ce ustaw\u0119 \u2013Prawo o szkolnictwie wy\u017cszym i nauce<\/strong><\/p>\n<p><a href=\"http:\/\/prawo.sejm.gov.pl\/isap.nsf\/download.xsp\/WDU20180001669\/U\/D20181669Lj.pdf\">http:\/\/prawo.sejm.gov.pl\/isap.nsf\/download.xsp\/WDU20180001669\/U\/D20181669Lj.pdf<\/a><\/p>\n<p><strong>Ustawa z dnia 20 lipca 2018 r. Prawo o szkolnictwie wy\u017cszym i nauce<\/strong><\/p>\n<p><a href=\"http:\/\/prawo.sejm.gov.pl\/isap.nsf\/download.xsp\/WDU20180001668\/U\/D20181668Lj.pdf\">http:\/\/prawo.sejm.gov.pl\/isap.nsf\/download.xsp\/WDU20180001668\/U\/D20181668Lj.pdf<\/a><\/p>\n<p><strong>Statut Politechniki Wroc\u0142awskiej<\/strong><\/p>\n<p><a href=\"https:\/\/pwr.edu.pl\/uczelnia\/informacje-ogolne\/statut-pwr\">https:\/\/pwr.edu.pl\/uczelnia\/informacje-ogolne\/statut-pwr<\/a><\/p>\n<p><strong>Regulamin studi\u00f3w doktoranckich<\/strong><\/p>\n<p><a href=\"https:\/\/doktoranci.pwr.edu.pl\/pliki\/rsd_2017__2_.pdf\">https:\/\/doktoranci.pwr.edu.pl\/pliki\/rsd_2017__2_.pdf<\/a><\/p>\n<p><strong>Akty prawne dot. studi\u00f3w doktoranckich PWr<\/strong><\/p>\n<p><a href=\"https:\/\/doktoranci.pwr.edu.pl\/zarzadzenia.php\">https:\/\/doktoranci.pwr.edu.pl\/zarzadzenia.php<\/a><\/p>\n<p><strong>Regulamin Szko\u0142y Doktorskiej Regulamin Szko\u0142y Doktorskiej (Za\u0142\u0105cznik do PO 20\/2024)<\/strong><\/p>\n<p><a href=\"https:\/\/szd.pwr.edu.pl\/o-szkole\/akty-prawne\/zarzadzenia-wewnetrzne-i-pisma-okolne\">https:\/\/szd.pwr.edu.pl\/o-szkole\/akty-prawne\/zarzadzenia-wewnetrzne-i-pisma-okolne<\/a><\/p>\n<p><strong>Akty prawne dot. Szko\u0142y Doktorskiej PWr<\/strong><\/p>\n<p><a href=\"https:\/\/szd.pwr.edu.pl\/o-szkole\/akty-prawne\">https:\/\/szd.pwr.edu.pl\/o-szkole\/akty-prawne<\/a><\/p>\n<p><strong>Regulamin nadawania stopni naukowych na PWr<\/strong><\/p>\n<p><a href=\"https:\/\/nauka.pwr.edu.pl\/zadania\/stopnie-i-tytuly-naukowe\/regulamin-nadawania-stopni-naukowych-na-politechnice-wroclawskiej\">https:\/\/nauka.pwr.edu.pl\/zadania\/stopnie-i-tytuly-naukowe\/regulamin-nadawania-stopni-naukowych-na-politechnice-wroclawskiej<\/a><\/p>\n<p><strong>Rozporz\u0105dzenie ministra nauki i szkolnictwa wy\u017cszego z dnia 1 kwietnia 2019 r. w sprawie stypendi\u00f3w ministra w\u0142a\u015bciwego do spraw szkolnictwa wy\u017cszego i nauki dla student\u00f3w\u00a0 i wybitnych m\u0142odych naukowc\u00f3w<\/strong><\/p>\n<p><a href=\"http:\/\/prawo.sejm.gov.pl\/isap.nsf\/download.xsp\/WDU20190000658\/O\/D20190658.pdf\">http:\/\/prawo.sejm.gov.pl\/isap.nsf\/download.xsp\/WDU20190000658\/O\/D20190658.pdf<\/a><\/p>\n<p><strong>Rozporz\u0105dzenie ministra nauki i szkolnictwa wy\u017cszego z dnia 14 listopada 2019 r. zmieniaj\u0105ce rozporz\u0105dzenie w sprawie stypendi\u00f3w ministra w\u0142a\u015bciwego do spraw szkolnictwa wy\u017cszego i nauki dla student\u00f3w i wybitnych m\u0142odych naukowc\u00f3w<\/strong><\/p>\n<p><a href=\"http:\/\/prawo.sejm.gov.pl\/isap.nsf\/download.xsp\/WDU20190002297\/O\/D20192297.pdf\">http:\/\/prawo.sejm.gov.pl\/isap.nsf\/download.xsp\/WDU20190002297\/O\/D20192297.pdf<\/a><\/p>\n","protected":false},"excerpt":{"rendered":"<p>Ustawa z dnia 27 lipca 2005 r. Prawo o szkolnictwie wy\u017cszym http:\/\/prawo.sejm.gov.pl\/isap.nsf\/download.xsp\/WDU20051641365\/U\/D20051365Lj.pdf Ustawa z dnia 3 lipca 2018 r. Przepisy wprowadzaj\u0105ce ustaw\u0119 \u2013Prawo o szkolnictwie wy\u017cszym i nauce http:\/\/prawo.sejm.gov.pl\/isap.nsf\/download.xsp\/WDU20180001669\/U\/D20181669Lj.pdf Ustawa z dnia 20 lipca 2018 r. Prawo o szkolnictwie wy\u017cszym i nauce http:\/\/prawo.sejm.gov.pl\/isap.nsf\/download.xsp\/WDU20180001668\/U\/D20181668Lj.pdf Statut Politechniki Wroc\u0142awskiej https:\/\/pwr.edu.pl\/uczelnia\/informacje-ogolne\/statut-pwr Regulamin studi\u00f3w doktoranckich https:\/\/doktoranci.pwr.edu.pl\/pliki\/rsd_2017__2_.pdf Akty prawne dot. studi\u00f3w&hellip; <br \/> <a class=\"button small blue\" href=\"https:\/\/radadoktorantow.pwr.edu.pl\/index.php\/granty\/\">Dowiedz si\u0119 wi\u0119cej<\/a><\/p>\n","protected":false},"author":10,"featured_media":0,"parent":0,"menu_order":0,"comment_status":"closed","ping_status":"closed","template":"","meta":{"footnotes":""},"_links":{"self":[{"href":"https:\/\/radadoktorantow.pwr.edu.pl\/index.php\/wp-json\/wp\/v2\/pages\/405"}],"collection":[{"href":"https:\/\/radadoktorantow.pwr.edu.pl\/index.php\/wp-json\/wp\/v2\/pages"}],"about":[{"href":"https:\/\/radadoktorantow.pwr.edu.pl\/index.php\/wp-json\/wp\/v2\/types\/page"}],"author":[{"embeddable":true,"href":"https:\/\/radadoktorantow.pwr.edu.pl\/index.php\/wp-json\/wp\/v2\/users\/10"}],"replies":[{"embeddable":true,"href":"https:\/\/radadoktorantow.pwr.edu.pl\/index.php\/wp-json\/wp\/v2\/comments?post=405"}],"version-history":[{"count":5,"href":"https:\/\/radadoktorantow.pwr.edu.pl\/index.php\/wp-json\/wp\/v2\/pages\/405\/revisions"}],"predecessor-version":[{"id":2402,"href":"https:\/\/radadoktorantow.pwr.edu.pl\/index.php\/wp-json\/wp\/v2\/pages\/405\/revisions\/2402"}],"wp:attachment":[{"href":"https:\/\/radadoktorantow.pwr.edu.pl\/index.php\/wp-json\/wp\/v2\/media?parent=405"}],"curies":[{"name":"wp","href":"https:\/\/api.w.org\/{rel}","templated":true}]}}