{"id":1192,"date":"2020-04-02T11:49:52","date_gmt":"2020-04-02T09:49:52","guid":{"rendered":"http:\/\/radadoktorantow.pwr.edu.pl\/?page_id=1192"},"modified":"2026-02-17T12:54:17","modified_gmt":"2026-02-17T11:54:17","slug":"pozostali-przedstawiciele","status":"publish","type":"page","link":"https:\/\/radadoktorantow.pwr.edu.pl\/index.php\/pozostali-przedstawiciele\/","title":{"rendered":"Przedstawiciele doktorant\u00f3w w gremiach uczelnianych"},"content":{"rendered":"<p style=\"text-align: center;\"><strong>Przedstawiciele doktorant\u00f3w w Senacie<\/strong><\/p>\n<p style=\"text-align: center;\">mgr in\u017c. Wiktoria Ko\u0142odzi\u0144ska (W-12)<\/p>\n<p style=\"text-align: center;\">mgr in\u017c. Izabela Walendzik (W-3)<\/p>\n<p style=\"text-align: center;\"><strong>Przedstawiciel doktorant\u00f3w w senackiej komisji ds. Nauki i Wsp\u00f3\u0142pracy<\/strong><\/p>\n<p style=\"text-align: center;\">mgr in\u017c. Izabela Walendzik (W-3)<\/p>\n<p style=\"text-align: center;\"><strong>Przedstawiciel doktorant\u00f3w w senackiej komisji ds. Kszta\u0142cenia i Dzia\u0142alno\u015bci Studenckiej<\/strong><\/p>\n<p style=\"text-align: center;\">mgr in\u017c. Wiktoria Ko\u0142odzi\u0144ska (W-12)<\/p>\n<p style=\"text-align: center;\"><strong>Przedstawiciel doktorant\u00f3w w senackiej komisji ds. Organizacji<\/strong><\/p>\n<p style=\"text-align: center;\">&#8211;<em><br \/>\n<\/em><\/p>\n<p style=\"text-align: center;\"><strong>Przedstawiciele doktorant\u00f3w w Kolegium Elektor\u00f3w<\/strong><\/p>\n<p style=\"text-align: center;\"><span style=\"text-decoration: underline;\"><em>3 wakaty<\/em><\/span><\/p>\n<p style=\"text-align: center;\"><strong>Przedstawiciele doktorant\u00f3w w Radzie Szko\u0142y Doktorskiej<\/strong><\/p>\n<p style=\"text-align: center;\">mgr in\u017c. Izabela Dzik (W-3)<\/p>\n<p style=\"text-align: center;\">mgr in\u017c. Wiktoria Ko\u0142odzi\u0144ska (W-12n)<\/p>\n<p style=\"text-align: center;\">mgr in\u017c. Franek Oliwkiewicz (W-5)<\/p>\n<p style=\"text-align: center;\">mgr in\u017c. Kamie\u0144 Adamski (W-10)<\/p>\n<p style=\"text-align: center;\"><strong>Przedstawiciel doktorant\u00f3w w Komisji Centralnej Finansowania Dzia\u0142alno\u015bci Studenckiej<\/strong><\/p>\n<p style=\"text-align: center;\">mgr in\u017c. Adrian Kowali\u0144ski (W-3)<\/p>\n<p style=\"text-align: center;\"><strong>Przedstawiciel doktorant\u00f3w w Radzie Jako\u015bci Kszta\u0142cenia<\/strong><\/p>\n<p style=\"text-align: center;\">mgr in\u017c. Anna Ku\u015b (W-10)<\/p>\n<p style=\"text-align: center;\"><strong>Przedstawiciel doktorant\u00f3w w Grupie ds. Spo\u0142ecznej Odpowiedzialno\u015bci Uczelni<\/strong><\/p>\n<p style=\"text-align: center;\">mgr in\u017c. Karolina Sobczyk (W-7)<\/p>\n<p style=\"text-align: center;\"><strong>Przedstawiciel doktorant\u00f3w w Radzie Nadzorczej AIP<\/strong><\/p>\n<p style=\"text-align: center;\">mgr in\u017c. Honorata Poturaj (W-10)<\/p>\n<p style=\"text-align: center;\"><strong>Przedstawiciel doktorant\u00f3w w Zespole ds. Polityki R\u00f3wno\u015bciowej Uczelni<\/strong><\/p>\n<p style=\"text-align: center;\">mgr in\u017c. arch. Agnieszka Stolarczyk (W-1)<\/p>\n<p style=\"text-align: center;\"><strong>Przedstawiciel w Komisji Dyscyplinarnej ds. nauczycieli akademickich<\/strong><\/p>\n<p style=\"text-align: center;\">mgr in\u017c. Adrian Kowali\u0144ski (W-3)<\/p>\n<p style=\"text-align: center;\"><strong>Przedstawiciel w Zespole ds. monitorowania procesu wdra\u017cania Europejskiej Karty Naukowca<\/strong><\/p>\n<p style=\"text-align: center;\">mgr in\u017c. Rados\u0142aw Stanis\u0142awski (W-5)<\/p>\n<p style=\"text-align: center;\"><strong>Przedstawiciel w Komitecie ds. Planowania i Realizacji Strategii PWr<\/strong><\/p>\n<p style=\"text-align: center;\">&#8211;<\/p>\n<p style=\"text-align: center;\"><strong>Przedstawiciel w Radzie Centrum Doskona\u0142o\u015bci Dydaktycznej PWr<\/strong><\/p>\n<p style=\"text-align: center;\">mgr in\u017c. Honorata Poturaj (W-10)<\/p>\n<p style=\"text-align: center;\"><strong>Przedstawiciel w Komisji ds. Oceny i Zapewniania Jako\u015bci Kszta\u0142cenia Szko\u0142y Doktorskiej PWr<\/strong><\/p>\n<p style=\"text-align: center;\">mgr in\u017c. Izabela Walendzik (W-3)<\/p>\n","protected":false},"excerpt":{"rendered":"<p>Przedstawiciele doktorant\u00f3w w Senacie mgr in\u017c. Wiktoria Ko\u0142odzi\u0144ska (W-12) mgr in\u017c. Izabela Walendzik (W-3) Przedstawiciel doktorant\u00f3w w senackiej komisji ds. Nauki i Wsp\u00f3\u0142pracy mgr in\u017c. Izabela Walendzik (W-3) Przedstawiciel doktorant\u00f3w w senackiej komisji ds. Kszta\u0142cenia i Dzia\u0142alno\u015bci Studenckiej mgr in\u017c. Wiktoria Ko\u0142odzi\u0144ska (W-12) Przedstawiciel doktorant\u00f3w w senackiej komisji ds. Organizacji &#8211; Przedstawiciele doktorant\u00f3w w Kolegium&hellip; <br \/> <a class=\"button small blue\" href=\"https:\/\/radadoktorantow.pwr.edu.pl\/index.php\/pozostali-przedstawiciele\/\">Dowiedz si\u0119 wi\u0119cej<\/a><\/p>\n","protected":false},"author":10,"featured_media":0,"parent":0,"menu_order":0,"comment_status":"closed","ping_status":"closed","template":"","meta":{"footnotes":""},"_links":{"self":[{"href":"https:\/\/radadoktorantow.pwr.edu.pl\/index.php\/wp-json\/wp\/v2\/pages\/1192"}],"collection":[{"href":"https:\/\/radadoktorantow.pwr.edu.pl\/index.php\/wp-json\/wp\/v2\/pages"}],"about":[{"href":"https:\/\/radadoktorantow.pwr.edu.pl\/index.php\/wp-json\/wp\/v2\/types\/page"}],"author":[{"embeddable":true,"href":"https:\/\/radadoktorantow.pwr.edu.pl\/index.php\/wp-json\/wp\/v2\/users\/10"}],"replies":[{"embeddable":true,"href":"https:\/\/radadoktorantow.pwr.edu.pl\/index.php\/wp-json\/wp\/v2\/comments?post=1192"}],"version-history":[{"count":29,"href":"https:\/\/radadoktorantow.pwr.edu.pl\/index.php\/wp-json\/wp\/v2\/pages\/1192\/revisions"}],"predecessor-version":[{"id":2608,"href":"https:\/\/radadoktorantow.pwr.edu.pl\/index.php\/wp-json\/wp\/v2\/pages\/1192\/revisions\/2608"}],"wp:attachment":[{"href":"https:\/\/radadoktorantow.pwr.edu.pl\/index.php\/wp-json\/wp\/v2\/media?parent=1192"}],"curies":[{"name":"wp","href":"https:\/\/api.w.org\/{rel}","templated":true}]}}