{"id":105,"date":"2016-11-25T02:15:27","date_gmt":"2016-11-25T01:15:27","guid":{"rendered":"http:\/\/radadoktorantow.pwr.edu.pl\/?page_id=105"},"modified":"2026-02-11T11:45:48","modified_gmt":"2026-02-11T10:45:48","slug":"sklad-rady","status":"publish","type":"page","link":"https:\/\/radadoktorantow.pwr.edu.pl\/index.php\/sklad-rady\/","title":{"rendered":"Sk\u0142ad Rady Doktorant\u00f3w XXI kadencji"},"content":{"rendered":"<div class=\"wp-block-image is-style-default\">\n<figure class=\"aligncenter size-full\"><img loading=\"lazy\" decoding=\"async\" width=\"2560\" height=\"1707\" src=\"https:\/\/radadoktorantow.pwr.edu.pl\/wp-content\/uploads\/2025\/11\/rdXXIdemo-1.png\" alt=\"\" class=\"wp-image-2547\" srcset=\"https:\/\/radadoktorantow.pwr.edu.pl\/wp-content\/uploads\/2025\/11\/rdXXIdemo-1.png 2560w, https:\/\/radadoktorantow.pwr.edu.pl\/wp-content\/uploads\/2025\/11\/rdXXIdemo-1-300x200.png 300w, https:\/\/radadoktorantow.pwr.edu.pl\/wp-content\/uploads\/2025\/11\/rdXXIdemo-1-1024x683.png 1024w, https:\/\/radadoktorantow.pwr.edu.pl\/wp-content\/uploads\/2025\/11\/rdXXIdemo-1-768x512.png 768w, https:\/\/radadoktorantow.pwr.edu.pl\/wp-content\/uploads\/2025\/11\/rdXXIdemo-1-1536x1024.png 1536w, https:\/\/radadoktorantow.pwr.edu.pl\/wp-content\/uploads\/2025\/11\/rdXXIdemo-1-2048x1366.png 2048w, https:\/\/radadoktorantow.pwr.edu.pl\/wp-content\/uploads\/2025\/11\/rdXXIdemo-1-1620x1080.png 1620w\" sizes=\"(max-width: 2560px) 100vw, 2560px\" \/><\/figure><\/div>\n\n\n<p>W sk\u0142ad Rady Doktorant\u00f3w Politechniki Wroc\u0142awskiej wchodzi 7 os\u00f3b.<br>W dniu 28 pa\u017adziernika 2025 roku odby\u0142o si\u0119 Og\u00f3lnouczelniane Zebranie Doktorant\u00f3w, podczas kt\u00f3rego osoby kszta\u0142c\u0105ce si\u0119 w Szkole Doktorskiej Politechniki Wroc\u0142awskiej wybra\u0142y swoich przedstawicieli do Rady Doktorant\u00f3w.<\/p>\n\n\n\n<p>W sk\u0142ad Rady Doktorant\u00f3w XXI kadencji (2025\/2026) wchodz\u0105:<\/p>\n\n\n\n<figure class=\"wp-block-table is-style-stripes\"><table class=\"has-white-background-color has-background has-fixed-layout\"><tbody><tr><td class=\"has-text-align-center\" data-align=\"center\"><img loading=\"lazy\" decoding=\"async\" width=\"1629\" height=\"1624\" class=\"wp-image-2450\" style=\"width: 150px;\" src=\"http:\/\/radadoktorantow.pwr.edu.pl\/wp-content\/uploads\/2025\/03\/Marsylianka.jpg\" alt=\"\" srcset=\"https:\/\/radadoktorantow.pwr.edu.pl\/wp-content\/uploads\/2025\/03\/Marsylianka.jpg 1629w, https:\/\/radadoktorantow.pwr.edu.pl\/wp-content\/uploads\/2025\/03\/Marsylianka-300x300.jpg 300w, https:\/\/radadoktorantow.pwr.edu.pl\/wp-content\/uploads\/2025\/03\/Marsylianka-1024x1021.jpg 1024w, https:\/\/radadoktorantow.pwr.edu.pl\/wp-content\/uploads\/2025\/03\/Marsylianka-150x150.jpg 150w, https:\/\/radadoktorantow.pwr.edu.pl\/wp-content\/uploads\/2025\/03\/Marsylianka-768x766.jpg 768w, https:\/\/radadoktorantow.pwr.edu.pl\/wp-content\/uploads\/2025\/03\/Marsylianka-1536x1531.jpg 1536w, https:\/\/radadoktorantow.pwr.edu.pl\/wp-content\/uploads\/2025\/03\/Marsylianka-1083x1080.jpg 1083w\" sizes=\"(max-width: 1629px) 100vw, 1629px\" \/><\/td><td class=\"has-text-align-center\" data-align=\"center\"><img loading=\"lazy\" decoding=\"async\" width=\"1624\" height=\"1624\" class=\"wp-image-2448\" style=\"width: 150px;\" src=\"http:\/\/radadoktorantow.pwr.edu.pl\/wp-content\/uploads\/2025\/03\/pomidoro.jpg\" alt=\"\" srcset=\"https:\/\/radadoktorantow.pwr.edu.pl\/wp-content\/uploads\/2025\/03\/pomidoro.jpg 1624w, https:\/\/radadoktorantow.pwr.edu.pl\/wp-content\/uploads\/2025\/03\/pomidoro-300x300.jpg 300w, https:\/\/radadoktorantow.pwr.edu.pl\/wp-content\/uploads\/2025\/03\/pomidoro-1024x1024.jpg 1024w, https:\/\/radadoktorantow.pwr.edu.pl\/wp-content\/uploads\/2025\/03\/pomidoro-150x150.jpg 150w, https:\/\/radadoktorantow.pwr.edu.pl\/wp-content\/uploads\/2025\/03\/pomidoro-768x768.jpg 768w, https:\/\/radadoktorantow.pwr.edu.pl\/wp-content\/uploads\/2025\/03\/pomidoro-1536x1536.jpg 1536w, https:\/\/radadoktorantow.pwr.edu.pl\/wp-content\/uploads\/2025\/03\/pomidoro-1080x1080.jpg 1080w\" sizes=\"(max-width: 1624px) 100vw, 1624px\" \/><\/td><td class=\"has-text-align-center\" data-align=\"center\"><img loading=\"lazy\" decoding=\"async\" width=\"1624\" height=\"1624\" class=\"wp-image-2453\" style=\"width: 150px;\" src=\"http:\/\/radadoktorantow.pwr.edu.pl\/wp-content\/uploads\/2025\/03\/WW.jpg\" alt=\"\" srcset=\"https:\/\/radadoktorantow.pwr.edu.pl\/wp-content\/uploads\/2025\/03\/WW.jpg 1624w, https:\/\/radadoktorantow.pwr.edu.pl\/wp-content\/uploads\/2025\/03\/WW-300x300.jpg 300w, https:\/\/radadoktorantow.pwr.edu.pl\/wp-content\/uploads\/2025\/03\/WW-1024x1024.jpg 1024w, https:\/\/radadoktorantow.pwr.edu.pl\/wp-content\/uploads\/2025\/03\/WW-150x150.jpg 150w, https:\/\/radadoktorantow.pwr.edu.pl\/wp-content\/uploads\/2025\/03\/WW-768x768.jpg 768w, https:\/\/radadoktorantow.pwr.edu.pl\/wp-content\/uploads\/2025\/03\/WW-1536x1536.jpg 1536w, https:\/\/radadoktorantow.pwr.edu.pl\/wp-content\/uploads\/2025\/03\/WW-1080x1080.jpg 1080w\" sizes=\"(max-width: 1624px) 100vw, 1624px\" \/><\/td><\/tr><tr><td class=\"has-text-align-center\" data-align=\"center\"><em>Przewodnicz\u0105ca<\/em><br><strong>mgr in\u017c. Izabela Walendzik<br><\/strong>(W-3)<\/td><td class=\"has-text-align-center\" data-align=\"center\"><em>Wiceprzewodnicz\u0105cy<\/em><br><strong>mgr in\u017c. Adrian Kowali\u0144ski<br><\/strong>(W-3)<\/td><td class=\"has-text-align-center\" data-align=\"center\"><em>Wiceprzewodnicz\u0105ca<\/em><br><strong>mgr in\u017c. Wiktoria Ko\u0142odzi\u0144ska<br><\/strong>(W-12)<\/td><\/tr><\/tbody><\/table><\/figure>\n\n\n\n<figure class=\"wp-block-table aligncenter is-style-stripes\"><table class=\"has-fixed-layout\"><tbody><tr><td class=\"has-text-align-center\" data-align=\"center\"><img loading=\"lazy\" decoding=\"async\" width=\"1629\" height=\"1624\" class=\"wp-image-2452\" style=\"width: 150px;\" src=\"http:\/\/radadoktorantow.pwr.edu.pl\/wp-content\/uploads\/2025\/03\/Franczeska.jpg\" alt=\"\" srcset=\"https:\/\/radadoktorantow.pwr.edu.pl\/wp-content\/uploads\/2025\/03\/Franczeska.jpg 1629w, https:\/\/radadoktorantow.pwr.edu.pl\/wp-content\/uploads\/2025\/03\/Franczeska-300x300.jpg 300w, https:\/\/radadoktorantow.pwr.edu.pl\/wp-content\/uploads\/2025\/03\/Franczeska-1024x1021.jpg 1024w, https:\/\/radadoktorantow.pwr.edu.pl\/wp-content\/uploads\/2025\/03\/Franczeska-150x150.jpg 150w, https:\/\/radadoktorantow.pwr.edu.pl\/wp-content\/uploads\/2025\/03\/Franczeska-768x766.jpg 768w, https:\/\/radadoktorantow.pwr.edu.pl\/wp-content\/uploads\/2025\/03\/Franczeska-1536x1531.jpg 1536w, https:\/\/radadoktorantow.pwr.edu.pl\/wp-content\/uploads\/2025\/03\/Franczeska-1083x1080.jpg 1083w\" sizes=\"(max-width: 1629px) 100vw, 1629px\" \/><\/td><td class=\"has-text-align-center\" data-align=\"center\"><img loading=\"lazy\" decoding=\"async\" width=\"1629\" height=\"1624\" class=\"wp-image-2457\" style=\"width: 150px;\" src=\"http:\/\/radadoktorantow.pwr.edu.pl\/wp-content\/uploads\/2025\/03\/toxic_fu.jpg\" alt=\"\" srcset=\"https:\/\/radadoktorantow.pwr.edu.pl\/wp-content\/uploads\/2025\/03\/toxic_fu.jpg 1629w, https:\/\/radadoktorantow.pwr.edu.pl\/wp-content\/uploads\/2025\/03\/toxic_fu-300x300.jpg 300w, https:\/\/radadoktorantow.pwr.edu.pl\/wp-content\/uploads\/2025\/03\/toxic_fu-1024x1021.jpg 1024w, https:\/\/radadoktorantow.pwr.edu.pl\/wp-content\/uploads\/2025\/03\/toxic_fu-150x150.jpg 150w, https:\/\/radadoktorantow.pwr.edu.pl\/wp-content\/uploads\/2025\/03\/toxic_fu-768x766.jpg 768w, https:\/\/radadoktorantow.pwr.edu.pl\/wp-content\/uploads\/2025\/03\/toxic_fu-1536x1531.jpg 1536w, https:\/\/radadoktorantow.pwr.edu.pl\/wp-content\/uploads\/2025\/03\/toxic_fu-1083x1080.jpg 1083w\" sizes=\"(max-width: 1629px) 100vw, 1629px\" \/><\/td><td class=\"has-text-align-center\" data-align=\"center\"><img loading=\"lazy\" decoding=\"async\" width=\"1000\" height=\"1000\" class=\"wp-image-2605\" style=\"width: 150px;\" src=\"http:\/\/radadoktorantow.pwr.edu.pl\/wp-content\/uploads\/2026\/02\/jeremi_jarosz_photo_20260119_square_1000px.png\" alt=\"\" srcset=\"https:\/\/radadoktorantow.pwr.edu.pl\/wp-content\/uploads\/2026\/02\/jeremi_jarosz_photo_20260119_square_1000px.png 1000w, https:\/\/radadoktorantow.pwr.edu.pl\/wp-content\/uploads\/2026\/02\/jeremi_jarosz_photo_20260119_square_1000px-300x300.png 300w, https:\/\/radadoktorantow.pwr.edu.pl\/wp-content\/uploads\/2026\/02\/jeremi_jarosz_photo_20260119_square_1000px-150x150.png 150w, https:\/\/radadoktorantow.pwr.edu.pl\/wp-content\/uploads\/2026\/02\/jeremi_jarosz_photo_20260119_square_1000px-768x768.png 768w\" sizes=\"(max-width: 1000px) 100vw, 1000px\" \/><\/td><td class=\"has-text-align-center\" data-align=\"center\">jeszcze nie mamy pasuj\u0105cego zdj\u0119cia<\/td><\/tr><tr><td class=\"has-text-align-center\" data-align=\"center\"><em>Sekretarz<\/em><br><strong>mgr in\u017c. Oliwia Frankiewicz<br><\/strong>(W-5)<\/td><td class=\"has-text-align-center\" data-align=\"center\"><em>Cz\u0142onek<\/em><br><strong>mgr in\u017c. Adam Kami\u0144ski<br><\/strong>(W-10)<\/td><td class=\"has-text-align-center\" data-align=\"center\"><em>Cz\u0142onek<\/em><br><strong>mgr in\u017c. Jeremi Jarosz<br><\/strong>(W-5)<\/td><td class=\"has-text-align-center\" data-align=\"center\"><em>Cz\u0142onkini<\/em><br><strong>mgr in\u017c. Marta Stempniak<br><\/strong>(W-9)<\/td><\/tr><\/tbody><\/table><\/figure>\n","protected":false},"excerpt":{"rendered":"<p>W sk\u0142ad Rady Doktorant\u00f3w Politechniki Wroc\u0142awskiej wchodzi 7 os\u00f3b.W dniu 28 pa\u017adziernika 2025 roku odby\u0142o si\u0119 Og\u00f3lnouczelniane Zebranie Doktorant\u00f3w, podczas kt\u00f3rego osoby kszta\u0142c\u0105ce si\u0119 w Szkole Doktorskiej Politechniki Wroc\u0142awskiej wybra\u0142y swoich przedstawicieli do Rady Doktorant\u00f3w. W sk\u0142ad Rady Doktorant\u00f3w XXI kadencji (2025\/2026) wchodz\u0105: Przewodnicz\u0105camgr in\u017c. Izabela Walendzik(W-3) Wiceprzewodnicz\u0105cymgr in\u017c. Adrian Kowali\u0144ski(W-3) Wiceprzewodnicz\u0105camgr in\u017c. Wiktoria Ko\u0142odzi\u0144ska(W-12)&hellip; <br \/> <a class=\"button small blue\" href=\"https:\/\/radadoktorantow.pwr.edu.pl\/index.php\/sklad-rady\/\">Dowiedz si\u0119 wi\u0119cej<\/a><\/p>\n","protected":false},"author":10,"featured_media":0,"parent":0,"menu_order":0,"comment_status":"closed","ping_status":"closed","template":"","meta":{"footnotes":""},"_links":{"self":[{"href":"https:\/\/radadoktorantow.pwr.edu.pl\/index.php\/wp-json\/wp\/v2\/pages\/105"}],"collection":[{"href":"https:\/\/radadoktorantow.pwr.edu.pl\/index.php\/wp-json\/wp\/v2\/pages"}],"about":[{"href":"https:\/\/radadoktorantow.pwr.edu.pl\/index.php\/wp-json\/wp\/v2\/types\/page"}],"author":[{"embeddable":true,"href":"https:\/\/radadoktorantow.pwr.edu.pl\/index.php\/wp-json\/wp\/v2\/users\/10"}],"replies":[{"embeddable":true,"href":"https:\/\/radadoktorantow.pwr.edu.pl\/index.php\/wp-json\/wp\/v2\/comments?post=105"}],"version-history":[{"count":125,"href":"https:\/\/radadoktorantow.pwr.edu.pl\/index.php\/wp-json\/wp\/v2\/pages\/105\/revisions"}],"predecessor-version":[{"id":2606,"href":"https:\/\/radadoktorantow.pwr.edu.pl\/index.php\/wp-json\/wp\/v2\/pages\/105\/revisions\/2606"}],"wp:attachment":[{"href":"https:\/\/radadoktorantow.pwr.edu.pl\/index.php\/wp-json\/wp\/v2\/media?parent=105"}],"curies":[{"name":"wp","href":"https:\/\/api.w.org\/{rel}","templated":true}]}}