{"id":10,"date":"2016-11-15T00:22:52","date_gmt":"2016-11-14T23:22:52","guid":{"rendered":"http:\/\/radadoktorantow.pwr.edu.pl\/?page_id=10"},"modified":"2024-04-15T08:49:13","modified_gmt":"2024-04-15T06:49:13","slug":"regulamin","status":"publish","type":"page","link":"https:\/\/radadoktorantow.pwr.edu.pl\/index.php\/regulamin\/","title":{"rendered":"Regulamin"},"content":{"rendered":"<p style=\"text-align: center;\"><strong>Regulamin Samorz\u0105du Doktorant\u00f3w<\/strong><\/p>\n<p style=\"text-align: center;\"><strong>Politechniki Wroc\u0142awskiej<\/strong><\/p>\n<p style=\"text-align: center;\"><strong>obowi\u0105zuj\u0105cy od dnia 11 kwietnia 2024 r.<\/strong><\/p>\n\n\n<div data-wp-interactive=\"\" class=\"wp-block-file\"><object data-wp-bind--hidden=\"!selectors.core.file.hasPdfPreview\" hidden class=\"wp-block-file__embed\" data=\"https:\/\/radadoktorantow.pwr.edu.pl\/wp-content\/uploads\/2024\/04\/Regulamin-Samorzadu-Doktorantow-11-III-2024.pdf\" type=\"application\/pdf\" style=\"width:100%;height:600px\" aria-label=\"Osadzone z Regulamin-Samorzadu-Doktorantow-11-III-2024.\"><\/object><a id=\"wp-block-file--media-87b368d3-437a-41b5-ada4-9c4f8f1e9cf0\" href=\"https:\/\/radadoktorantow.pwr.edu.pl\/wp-content\/uploads\/2024\/04\/Regulamin-Samorzadu-Doktorantow-11-III-2024.pdf\">Regulamin-Samorzadu-Doktorantow-11-III-2024<\/a><a href=\"https:\/\/radadoktorantow.pwr.edu.pl\/wp-content\/uploads\/2024\/04\/Regulamin-Samorzadu-Doktorantow-11-III-2024.pdf\" class=\"wp-block-file__button wp-element-button\" download aria-describedby=\"wp-block-file--media-87b368d3-437a-41b5-ada4-9c4f8f1e9cf0\">Pobierz<\/a><\/div>\n","protected":false},"excerpt":{"rendered":"<p>Regulamin Samorz\u0105du Doktorant\u00f3w Politechniki Wroc\u0142awskiej obowi\u0105zuj\u0105cy od dnia 11 kwietnia 2024 r.<\/p>\n","protected":false},"author":10,"featured_media":0,"parent":0,"menu_order":0,"comment_status":"closed","ping_status":"closed","template":"","meta":{"footnotes":""},"_links":{"self":[{"href":"https:\/\/radadoktorantow.pwr.edu.pl\/index.php\/wp-json\/wp\/v2\/pages\/10"}],"collection":[{"href":"https:\/\/radadoktorantow.pwr.edu.pl\/index.php\/wp-json\/wp\/v2\/pages"}],"about":[{"href":"https:\/\/radadoktorantow.pwr.edu.pl\/index.php\/wp-json\/wp\/v2\/types\/page"}],"author":[{"embeddable":true,"href":"https:\/\/radadoktorantow.pwr.edu.pl\/index.php\/wp-json\/wp\/v2\/users\/10"}],"replies":[{"embeddable":true,"href":"https:\/\/radadoktorantow.pwr.edu.pl\/index.php\/wp-json\/wp\/v2\/comments?post=10"}],"version-history":[{"count":29,"href":"https:\/\/radadoktorantow.pwr.edu.pl\/index.php\/wp-json\/wp\/v2\/pages\/10\/revisions"}],"predecessor-version":[{"id":2308,"href":"https:\/\/radadoktorantow.pwr.edu.pl\/index.php\/wp-json\/wp\/v2\/pages\/10\/revisions\/2308"}],"wp:attachment":[{"href":"https:\/\/radadoktorantow.pwr.edu.pl\/index.php\/wp-json\/wp\/v2\/media?parent=10"}],"curies":[{"name":"wp","href":"https:\/\/api.w.org\/{rel}","templated":true}]}}